
Is 5 a factor of 71624700?
True
Is 53246128 a multiple of 911?
True
Is 54 a factor of 50409702?
True
Does 49 divide 1569372?
True
Does 51 divide 94026456?
True
Is 992 a factor of 1657670957?
False
Does 173 divide 608890627?
True
Is 2611 a factor of 6884014?
False
Is 41278736 a multiple of 2?
True
Is 3104 a factor of 111685024?
True
Does 255 divide 72521417?
False
Is 14400 a factor of 1749657600?
True
Is 516 a factor of 1070323806?
False
Is 129070470 a multiple of 115?
False
Is 296 a factor of 230116452?
False
Is 1194187890 a multiple of 304?
False
Is 141 a factor of 732380649?
True
Is 95 a factor of 20052030?
True
Does 24 divide 2834448?
True
Does 30 divide 44348280?
True
Is 570 a factor of 85136340?
True
Is 22 a factor of 1320488370?
False
Does 359 divide 5089543?
True
Is 26717454 a multiple of 184?
False
Does 149 divide 718733088?
True
Is 2 a factor of 5323131?
False
Is 115652385 a multiple of 335?
True
Is 48339374 a multiple of 5?
False
Does 477 divide 2620760112?
True
Does 50 divide 1526874?
False
Is 12 a factor of 36469200?
True
Does 90 divide 11770200?
True
Is 447 a factor of 937641978?
False
Is 941 a factor of 1009338243?
True
Does 366 divide 398079900?
True
Does 124 divide 2152516?
True
Does 1995 divide 9257107230?
True
Does 37 divide 388982739?
True
Is 1406 a factor of 80922372?
False
Is 122993948 a multiple of 412?
True
Does 3186 divide 156770316?
True
Is 13 a factor of 107771483?
False
Does 133 divide 185331510?
True
Is 242 a factor of 156651198?
True
Is 3647661 even?
False
Does 17 divide 30252792?
True
Does 338 divide 362662170?
True
Does 9 divide 1910826?
True
Is 72 a factor of 35544384?
True
Is 2403 a factor of 103566897?
True
Does 160 divide 12338249?
False
Is 17631473 a multiple of 445?
False
Is 1520 a factor of 1809781086?
False
Is 325578245 a multiple of 96?
False
Is 41879 a multiple of 28?
False
Is 139 a factor of 1691632085?
True
Is 20 a factor of 1170068700?
True
Is 287530477 a multiple of 838?
False
Is 3 a factor of 15281486?
False
Is 2198585187 a multiple of 63?
False
Is 11 a factor of 216851141?
False
Is 2285 a factor of 1337479050?
True
Does 80 divide 218027120?
True
Is 395 a factor of 14873367?
False
Is 1043594 a multiple of 947?
True
Is 352687659 a multiple of 3745?
False
Is 161386307 a multiple of 91?
False
Is 7030464 a multiple of 336?
True
Is 45018378 a multiple of 9?
True
Is 25716448 a multiple of 118?
True
Is 15734442 a multiple of 89?
False
Does 28 divide 486438316?
True
Does 357 divide 111290109?
True
Is 70843883 a multiple of 2563?
True
Does 17 divide 76256407?
True
Does 211 divide 11214031?
False
Is 49576835 a multiple of 2135?
True
Does 31 divide 47291691?
False
Is 91043474 a multiple of 131?
False
Is 7946214 a multiple of 1300?
False
Is 142506648 a multiple of 408?
True
Is 5995330 a multiple of 22?
True
Is 638 a factor of 8514748?
True
Is 8 a factor of 83287884?
False
Is 148 a factor of 9096524?
True
Is 22 a factor of 18419106?
False
Does 1768 divide 286155?
False
Is 7 a factor of 9706669?
True
Is 45 a factor of 88570035?
True
Does 35 divide 7007171?
False
Is 254892286 a multiple of 22?
True
Does 126 divide 63901152?
True
Is 849130635 a multiple of 112?
False
Is 91140930 a multiple of 159?
False
Is 66748507 a multiple of 49?
False
Is 164 a factor of 7224803?
False
Is 254080661 a multiple of 239?
True
Is 211 a factor of 64774257?
True
Does 1677 divide 158304922?
False
Is 36 a factor of 41308848?
True
Is 21 a factor of 26960808?
True
Is 12 a factor of 125982408?
True
Is 6 a factor of 488086607?
False
Is 1247751 a multiple of 1249?
True
Is 31 a factor of 183209256?
True
Is 918 a factor of 458237142?
True
Is 18 a factor of 1157287?
False
Is 95 a factor of 24911901?
False
Is 1700645260 a multiple of 78?
False
Is 131 a factor of 468740925?
True
Is 37700726 a multiple of 53?
False
Is 206680915 a multiple of 647?
True
Is 736120187 a multiple of 70?
False
Is 1838383742 a multiple of 2078?
True
Does 304 divide 489190651?
False
Is 273262506 a multiple of 946?
True
Is 25 a factor of 594727847?
False
Is 17 a factor of 288944937?
True
Is 20 a factor of 9004280?
True
Is 487292858 a multiple of 598?
True
Does 2885 divide 85964345?
True
Does 218 divide 158203472?
True
Is 176 a factor of 13242944?
True
Is 5208 a factor of 665780304?
True
Is 173328269 a multiple of 4?
False
Does 281 divide 8319848?
True
Is 57038865 a multiple of 13?
True
Does 1506 divide 305888178?
True
Does 10 divide 101125820?
True
Does 89 divide 159563?
False
Does 7 divide 372261232?
True
Does 14 divide 11948010?
False
Does 66 divide 16997838?
True
Is 420607869 a multiple of 2127?
True
Is 36097712 a multiple of 559?
False
Does 622 divide 9147132?
True
Is 48 a factor of 12687840?
True
Is 2424 a factor of 38802950?
False
Is 3802245876 a multiple of 78?
True
Is 9 a factor of 787100328?
True
Does 5 divide 1735411119?
False
Is 316830565 a multiple of 54?
False
Is 276 a factor of 244813639?
False
Does 3 divide 36115792?
False
Is 403326 a multiple of 7?
True
Is 1220 a factor of 1427715980?
True
Is 154404582 a multiple of 10653?
True
Is 1203278140 a multiple of 844?
True
Is 13775139 a multiple of 107?
False
Is 481 a factor of 54298166?
True
Does 1160 divide 3332680?
True
Is 180 a factor of 5545080?
True
Is 41861687 a multiple of 7?
True
Does 140 divide 21695240?
True
Does 205 divide 141381325?
True
Is 445236829 a multiple of 1368?
False
Is 742272268 a multiple of 107?
True
Does 514 divide 11124502?
True
Is 60 a factor of 47573580?
True
Is 26218552 a multiple of 116?
True
Is 144 a factor of 69392132?
False
Does 3364 divide 426349639?
False
Is 16979067 a multiple of 516?
False
Does 640 divide 40913160?
False
Is 8396861 a multiple of 17?
True
Does 29 divide 50445297?
True
Is 301370424 a multiple of 51?
True
Does 4153 divide 310177896?
False
Is 67 a factor of 1389597286?
True
Is 204665454 a multiple of 266?
True
Is 8480709 even?
False
Is 1463 a factor of 118694390?
False
Does 11 divide 6728394?
False
Is 386 a factor of 46412254?
True
Does 543 divide 38140818?
False
Does 1968 divide 180384912?
True
Does 703 divide 37573604?
False
Does 1459 divide 2028361619?
True
Is 17 a factor of 466456472?
True
Is 185 a factor of 537755965?
True
Is 14880300 a multiple of 30?
True
Is 8349231 a multiple of 144?
False
Does 127 divide 125220730?
True
Does 31 divide 34215165?
True
Is 3887001608 a multiple of 12?
False
Is 87196476 a multiple of 53?
False
Is 1248 a factor of 2267148000?
True
Does 23 divide 215970230?
True
Is 6586684 a multiple of 52?
True
Is 2384991078 a multiple of 59?
False
Is 3 a factor of 29506588?
False
Does 116 divide 2998147484?
True
Does 27 divide 95390298?
True
Does 17 divide 2745891?
True
Is 4659480 a multiple of 105?
True
Does 2271 divide 1303880882?
False
Does 19 divide 1260207778?
False
Is 374597681 a multiple of 95?
False
Does 39 divide 201783465?
True
Is 7498 a factor of 1009576105?
False
Is 11122794 a multiple of 3?
True
Is 122745437 a multiple of 599?
False
Is 627 a factor of 1562099154?
False
Is 22459370 a multiple of 5?
True
Does 8 divide 6442568?
True
Is 3 a factor of 9854985?
True
Does 15 divide 14873113?
False
Is 48005324 a multiple of 3788?
True
Is 103 a factor of 1595253180?
False
Is 1100474 a multiple of 122?
False
Is 35 a factor of 8072330?
True
Is 346 a factor of 2699675?
False
Is 87 a factor of 1678906?
False
Is 1311174761 a multiple of 3416?
False
Is 26 a factor of 79976509?
False
Does 2843 divide 340988488?
False
Is 155774122 a multiple of 301?
True
Is 1182 a factor of 21876456?
True
Does 3 divide 642140?
False
Does 133 divide 1728148401?
True
Is 872956287 a multiple of 250?
False
Is 21 a factor of 384016521?
True
Is 136 a factor of 841065344?
True
Does 1434 divide 903389858?
False
Does 32 divide 235407808?
True
Is 47246332 a multiple of 238?
True
Is 45 a factor of 163278525?
False
Does 13 divide 386998645?
False
Is 40250820 a multiple of 74?
True
Is 49 a factor of 3015950?
True
Is 3560 a factor of 2819765640?
True
Does 628 divide 70902277?
False
Is 2247 a factor of 252572399?
False
Does 25 divide 226998479?
False
Does 55 divide 9010452?
False
Is 773 a factor of 1999272366?
False
Does 3159 divide 957542352?
False
Is 30 a factor of 405749774?
False
Is 215778255 a multiple of 1135?
True
Does 6 divide 1263102?
True
Is 73735650 a multiple of